is divided by 19.
17
What is the remainder when 60 is divided by 21?
18
Calculate the remainder when 3147 is divided by 67.
65
What is the remainder when 7548 is divided by 302?
300
Calculate the remainder when 1371 is divided by 270.
21
Calculate the remainder when 836 is divided by 140.
136
What is the remainder when 117 is divided by 12?
9
Calculate the remainder when 1722 is divided by 170.
22
Calculate the remainder when 214 is divided by 195.
19
Calculate the remainder when 155 is divided by 27.
20
What is the remainder when 1221 is divided by 335?
216
What is the remainder when 90 is divided by 5?
0
What is the remainder when 238 is divided by 22?
18
What is the remainder when 1140 is divided by 88?
84
Calculate the remainder when 104 is divided by 4.
0
Calculate the remainder when 333 is divided by 168.
165
What is the remainder when 123 is divided by 62?
61
What is the remainder when 19 is divided by 5?
4
What is the remainder when 230 is divided by 5?
0
What is the remainder when 541 is divided by 75?
16
Calculate the remainder when 4189 is divided by 10.
9
What is the remainder when 251 is divided by 147?
104
Calculate the remainder when 439 is divided by 203.
33
What is the remainder when 544 is divided by 147?
103
What is the remainder when 56 is divided by 32?
24
Calculate the remainder when 91 is divided by 51.
40
Calculate the remainder when 21 is divided by 3.
0
What is the remainder when 254 is divided by 77?
23
Calculate the remainder when 207 is divided by 14.
11
What is the remainder when 130 is divided by 37?
19
Calculate the remainder when 1797 is divided by 58.
57
Calculate the remainder when 513 is divided by 190.
133
Calculate the remainder when 64 is divided by 52.
12
Calculate the remainder when 391 is divided by 12.
7
What is the remainder when 1076 is divided by 22?
20
What is the remainder when 27604 is divided by 476?
472
Calculate the remainder when 19 is divided by 3.
1
Calculate the remainder when 671 is divided by 566.
105
Calculate the remainder when 62 is divided by 10.
2
Calculate the remainder when 120 is divided by 104.
16
Calculate the remainder when 445 is divided by 74.
1
Calculate the remainder when 255 is divided by 29.
23
Calculate the remainder when 70 is divided by 8.
6
What is the remainder when 692 is divided by 20?
12
What is the remainder when 270 is divided by 34?
32
What is the remainder when 110 is divided by 23?
18
Calculate the remainder when 57 is divided by 42.
15
Calculate the remainder when 61 is divided by 21.
19
Calculate the remainder when 792 is divided by 53.
50
Calculate the remainder when 3821 is divided by 21.
20
What is the remainder when 453 is divided by 17?
11
What is the remainder when 136 is divided by 46?
44
Calculate the remainder when 435 is divided by 36.
3
Calculate the remainder when 148 is divided by 70.
8
Calculate the remainder when 838 is divided by 141.
133
What is the remainder when 294 is divided by 74?
72
Calculate the remainder when 125 is divided by 55.
15
Calculate the remainder when 1275 is divided by 420.
15
Calculate the remainder when 28725 is divided by 14.
11
What is the remainder when 16 is divided by 5?
1
What is the remainder when 320 is divided by 236?
84
Calculate the remainder when 18437 is divided by 4607.
9
What is the remainder when 15 is divided by 5?
0
Calculate the remainder when 80 is divided by 20.
0
Calculate the remainder when 362 is divided by 130.
102
Calculate the remainder when 4324 is divided by 7.
5
Calculate the remainder when 1579 is divided by 392.
11
What is the remainder when 150 is divided by 20?
10
Calculate the remainder when 1043 is divided by 177.
158
Calculate the remainder when 88 is divided by 16.
8
Calculate the remainder when 283 is divided by 24.
19
Calculate the remainder when 3561 is divided by 9.
6
Calculate the remainder when 416 is divided by 13.
0
Calculate the remainder when 10270 is divided by 8.
6
What is the remainder when 16 is divided by 3?
1
What is the remainder when 536 is divided by 106?
6
What is the remainder when 138 is divided by 52?
34
Calculate the remainder when 1199 is divided by 93.
83
Calculate the remainder when 330 is divided by 121.
88
What is the remainder when 336 is divided by 120?
96
Calculate the remainder when 2613 is divided by 264.
237
Calculate the remainder when 361 is divided by 33.
31
Calculate the remainder when 354 is divided by 16.
2
Calculate the remainder when 16737 is divided by 36.
33
What is the remainder when 1210 is divided by 240?
10
What is the remainder when 89 is divided by 6?
5
Calculate the remainder when 232 is divided by 80.
72
What is the remainder when 8492 is divided by 274?
272
Calculate the remainder when 1402 is divided by 27.
25
What is the remainder when 1236 is divided by 409?
9
What is the remainder when 2958 is divided by 493?
0
Calculate the remainder when 108 is divided by 22.
20
What is the remainder when 407 is divided by 12?
11
Calculate the remainder when 73 is divided by 3.
1
What is the remainder when 259 is divided by 42?
7
Calculate the remainder when 35 is divided by 14.
7
Calculate the remainder when 99 is divided by 4.
3
Calculate the remainder when 161 is divided by 57.
47
What is the remainder when 331 is divided by 67?
63
Calculate the remainder when 4571 is divided by 381.
380
Calculate the remainder when 150 is divided by 42.
24
What is the remainder when 960 is divided by 122?
106
Calculate the remainder when 497 is divided by 83.
82
Calculate the remainder when 725 is divided by 11.
10
Calculate the remainder when 894 is divided by 23.
20
What is the remainder when 128 is divided by 58?
12
What is the remainder when 39 is divided by 11?
6
Calculate the remainder when 388 is divided by 82.
60
What is the remainder when 1180 is divided by 7?
4
Calculate the remainder when 674 is divided by 112.
2
What is the remainder when 255 is divided by 52?
47
What is the remainder when 90 is divided by 15?
0
What is the remainder when 189 is divided by 93?
3
Calculate the remainder when 1699 is divided by 37.
34
Calculate the remainder when 2182 is divided by 33.
4
Calculate the remainder when 128 is divided by 44.
40
What is the remainder when 1811 is divided by 165?
161
What is the remainder when 56 is divided by 41?
15
What is the remainder when 466 is divided by 105?
46
What is the remainder when 140 is divided by 12?
8
Calculate the remainder when 5452 is divided by 60.
52
Calculate the remainder when 425 is divided by 71.
70
Calculate the remainder when 31 is divided by 13.
5
What is the remainder when 113 is divided by 109?
4
Calculate the remainder when 5205 is divided by 577.
12
Calculate the remainder when 320 is divided by 172.
148
Calculate the remainder when 395 is divided by 214.
181
What is the remainder when 3112 is divided by 40?
32
What is the remainder when 25982 is divided by 203?
201
Calculate the remainder when 172 is divided by 30.
22
What is the remainder when 145 is divided by 19?
12
Calculate the remainder when 211 is divided by 110.
101
Calculate the remainder when 40 is divided by 12.
4
What is the remainder when 5808 is divided by 35?
33
Calculate the remainder when 131 is divided by 36.
23
Calculate the remainder when 111 is divided by 45.
21
Calculate the remainder when 853 is divided by 9.
7
What is the remainder when 170 is divided by 26?
14
Calculate the remainder when 94 is divided by 19.
18
What is the remainder when 359 is divided by 18?
17
Calculate the remainder when 41 is divided by 12.
5
Calculate the remainder when 1923 is divided by 107.
104
What is the remainder when 3735 is divided by 530?
25
Calculate the remainder when 942 is divided by 106.
94
What is the remainder when 301 is divided by 19?
16
Calculate the remainder when 357 is divided by 90.
87
What is the remainder when 571 is divided by 244?
83
Calculate the remainder when 2327 is divided by 166.
3
Calculate the remainder when 1133 is divided by 1127.
6
Calculate the remainder when 328 is divided by 164.
0
Calculate the remainder when 1302 is divided by 95.
67
Calculate the remainder when 2104 is divided by 700.
4
Calculate the remainder when 71 is divided by 19.
14
Calculate the remainder when 392 is divided by 117.
41
What is